s 714 a factor of 96465684?
True
Is 33 a factor of 10785786?
True
Does 2614 divide 581607824?
False
Does 14 divide 32842460?
True
Is 39186987 a multiple of 21?
True
Is 791630185 a multiple of 6?
False
Is 23 a factor of 840637097?
True
Is 272392890 a multiple of 11711?
False
Is 6 a factor of 20551811?
False
Is 442 a factor of 12965628?
True
Is 39231412 a multiple of 1198?
False
Is 647059998 a multiple of 1833?
True
Is 247 a factor of 2776914296?
True
Does 59 divide 2577898538?
False
Is 140 a factor of 150290420?
True
Is 387136422 a multiple of 958?
True
Is 1167 a factor of 73504662?
True
Does 12 divide 178612332?
True
Does 36 divide 30346613?
False
Does 49 divide 54304683?
False
Is 277765571 a multiple of 6421?
False
Is 507 a factor of 888999150?
True
Does 654 divide 28464696?
True
Is 81971409 a multiple of 13?
True
Does 6 divide 86560842?
True
Is 18466619 a multiple of 10?
False
Is 58 a factor of 35138586?
False
Does 965 divide 14201905?
True
Does 1804 divide 1238462445?
False
Is 152556096 a multiple of 4856?
True
Does 401 divide 263830732?
True
Is 725 a factor of 1678358494?
False
Does 2199 divide 41981109?
True
Is 701 a factor of 361149258?
False
Is 164251040 a multiple of 976?
True
Does 13 divide 2750523438?
True
Is 97371992 a multiple of 498?
False
Is 339754888 a multiple of 67?
False
Is 658036470 a multiple of 70?
True
Is 1742478192 a multiple of 5768?
True
Is 909727775 a multiple of 2915?
True
Does 207 divide 875354877?
False
Is 13 a factor of 55320772?
True
Is 17008548 a multiple of 276?
False
Is 246 a factor of 296711219?
False
Is 240393828 a multiple of 668?
True
Is 60575180 a multiple of 178?
True
Does 1115 divide 251331752?
False
Is 2568 a factor of 55663138?
False
Does 18 divide 25353542?
False
Is 16223457 a multiple of 17?
True
Does 91 divide 10738221?
False
Is 109 a factor of 796752072?
False
Does 454 divide 128567806?
True
Is 1110 a factor of 115499940?
True
Does 90 divide 20381216?
False
Is 96026688 a multiple of 103?
False
Does 630 divide 167288095?
False
Is 43513960 a multiple of 1043?
True
Does 1130 divide 10330460?
True
Is 1058408919 a multiple of 523?
False
Is 10203856 a multiple of 78?
False
Is 14068880 a multiple of 592?
True
Does 577 divide 11276379?
False
Does 601 divide 46674968?
False
Is 6589896 a multiple of 24?
True
Does 434 divide 36298892?
True
Is 2496595 a multiple of 440?
False
Does 1009 divide 3620606460?
False
Does 416 divide 48686560?
True
Is 28498103 a multiple of 37?
True
Is 149 a factor of 1109819348?
True
Is 328 a factor of 776616321?
False
Is 33599228 a multiple of 13?
True
Does 1720 divide 648999183?
False
Is 64 a factor of 360025539?
False
Does 1039 divide 62631145?
False
Does 50 divide 4638398576?
False
Does 88 divide 206741040?
True
Is 122243391 a multiple of 9?
True
Is 201626847 a multiple of 9?
True
Does 32 divide 729620589?
False
Does 462 divide 331192554?
True
Is 9 a factor of 14892301?
False
Is 8 a factor of 66694082?
False
Does 98 divide 783983205?
False
Is 4758507 a multiple of 3?
True
Is 453 a factor of 45314720?
False
Is 164640492 a multiple of 54?
True
Is 3021 a factor of 68758839?
False
Is 34 a factor of 15524163?
False
Is 928295399 a multiple of 3814?
False
Is 140351303 a multiple of 17?
True
Is 7 a factor of 140288939?
True
Is 105 a factor of 15711767?
False
Is 447828552 a multiple of 106?
False
Does 13 divide 133643211?
True
Is 28 a factor of 70667538?
False
Is 667806115 a multiple of 20?
False
Is 187718259 a multiple of 16?
False
Is 184 a factor of 68979208?
True
Does 5519 divide 1588993794?
False
Is 15117256 a multiple of 76?
False
Does 61 divide 164653197?
False
Is 25219289 a multiple of 41?
False
Does 60 divide 206824560?
True
Is 49 a factor of 705294730?
True
Does 39 divide 121799608?
False
Is 113372390 a multiple of 105?
False
Is 2740483963 a multiple of 18?
False
Is 22 a factor of 1394563852?
True
Is 619 a factor of 283096900?
False
Is 70 a factor of 63935550?
True
Is 20 a factor of 20618680?
True
Does 894 divide 36416196?
True
Is 148 a factor of 762908624?
True
Does 41 divide 25168260?
True
Is 20 a factor of 41719120?
True
Is 74 a factor of 2070998238?
False
Is 17 a factor of 516200543?
False
Is 357 a factor of 99373196?
False
Is 31871900 a multiple of 268?
True
Does 2892 divide 241161133?
False
Is 149 a factor of 1025732383?
False
Is 41 a factor of 36984460?
True
Is 192448724 a multiple of 16?
False
Is 28 a factor of 4155146?
False
Is 1617135 a multiple of 65?
True
Does 3097 divide 1400642828?
False
Does 37 divide 369862471?
True
Is 50 a factor of 90566550?
True
Does 993 divide 8812875?
True
Is 15 a factor of 129955665?
True
Does 9 divide 188338103?
False
Does 11 divide 12812294?
True
Is 177801201 a multiple of 17982?
False
Is 815 a factor of 1742177624?
False
Does 13 divide 3807158485?
True
Is 36 a factor of 836511644?
False
Is 107 a factor of 1156547330?
False
Does 3155 divide 915720324?
False
Is 18523155 a multiple of 15?
True
Does 19 divide 107246336?
True
Is 2508 a factor of 160486920?
True
Is 173668936 a multiple of 11?
False
Does 1375 divide 10491248?
False
Is 305299865 a multiple of 15?
False
Is 390850001 a multiple of 1566?
False
Is 2538 a factor of 38633436?
True
Does 28 divide 6258448?
True
Is 629 a factor of 191394027?
False
Is 45 a factor of 311537568?
False
Is 97 a factor of 48002584?
True
Is 848908540 a multiple of 2302?
True
Is 251835994 a multiple of 19?
True
Is 22 a factor of 22223421?
False
Is 223 a factor of 434612174?
False
Is 1533847 a multiple of 141?
False
Is 39038388 a multiple of 228?
True
Does 93 divide 26548765?
False
Is 148 a factor of 102237013?
False
Is 14687316 a multiple of 845?
False
Is 6 a factor of 42488136?
True
Is 14 a factor of 9489940?
False
Is 153 a factor of 34105536?
True
Is 1373 a factor of 45083828?
True
Is 25838434 a multiple of 163?
True
Does 13 divide 27417163?
False
Is 170715608 a multiple of 7?
True
Is 75917005 a multiple of 2?
False
Is 288407291 a multiple of 29?
True
Is 1542 a factor of 71178720?
True
Is 1843177 a multiple of 156?
False
Is 25331440 a multiple of 2024?
False
Does 2 divide 2686491?
False
Does 471 divide 70282779?
False
Does 3 divide 99155?
False
Does 295 divide 69244760?
True
Does 130 divide 2526420?
True
Does 345 divide 80873520?
True
Is 134 a factor of 2512677952?
True
Is 8202912 a multiple of 6?
True
Is 59686674 a multiple of 446?
False
Is 702488617 a multiple of 297?
False
Does 21 divide 151276921?
False
Does 6 divide 74632722?
True
Is 596411 a multiple of 17?
True
Is 39946990 a multiple of 49?
False
Does 3312 divide 162870912?
True
Is 6331665 a multiple of 15?
True
Does 326 divide 1417122?
True
Is 21 a factor of 1326417897?
True
Does 22 divide 115491690?
False
Does 2355 divide 682158720?
True
Is 11 a factor of 1605804455?
False
Does 7 divide 10675245?
True
Is 262033515 a multiple of 45?
True
Is 131 a factor of 23159490?
True
Does 13 divide 120979456?
True
Is 1953608355 a multiple of 685?
True
Is 48005383 a multiple of 41?
True
Does 27 divide 19975248?
True
Is 439 a factor of 1801319009?
False
Is 11 a factor of 21565026?
False
Is 224646 a multiple of 3?
True
Does 16 divide 313544576?
True
Is 99 a factor of 9288504?
False
Is 239671566 a multiple of 4?
False
Is 490 a factor of 85843083?
False
Is 2189 a factor of 187691427?
True
Does 31 divide 1777154794?
True
Is 16 a factor of 116892576?
True
Does 99 divide 25505865?
True
Is 1156979 a multiple of 196?
False
Is 109577255 a multiple of 66?
False
Does 301 divide 10507308?
True
Is 290 a factor of 97993900?
True
Is 20464556 a multiple of 49?
True
Does 14 divide 641518778?
False
Is 1037 a factor of 8907489?
False
Is 73 a factor of 54166073?
True
Does 46 divide 71099274?
False
Is 37725416 a multiple of 32?
False
Is 145958410 a multiple of 44?
False
Is 266 a factor of 83794041?
False
Is 2903537661 a multiple of 22?
False
Is 103 a factor of 18180221?
True
Is 52224382 a multiple of 326?
False
Is 8 a factor of 12900665?
False
Does 201 divide 51382836?
True
Is 988942005 a multiple of 169?
False
Does 722 divide 31276318?
True
Does 254 divide 1171332626?
False
Does 256 divide 868782396?
False
Does 9 divide 715162948?
False
Is 24436988 a multiple of 2731?
True
Is 22 a factor of 4695086?
True
Is 1312764 a multiple of 2?
True
Is 12148547 a multiple of 51?
False
Is 185549